{"id":49,"date":"2021-10-09T09:34:43","date_gmt":"2021-10-09T07:34:43","guid":{"rendered":"http:\/\/rewindlt.cluster010.ovh.net\/?page_id=49"},"modified":"2025-12-16T16:18:45","modified_gmt":"2025-12-16T15:18:45","slug":"acceuil","status":"publish","type":"page","link":"https:\/\/www.rewindltd.com\/index.php\/acceuil\/","title":{"rendered":"Pr\u00e9sentation"},"content":{"rendered":"<p>[et_pb_section fb_built=\u00a0\u00bb1&Prime; _builder_version=\u00a0\u00bb4.27.4&Prime; _module_preset=\u00a0\u00bbdefault\u00a0\u00bb background_color=\u00a0\u00bb#000000&Prime; custom_margin=\u00a0\u00bb0px|0px|0px|0px|false|false\u00a0\u00bb custom_padding=\u00a0\u00bb0px|0px|0px|0px|false|false\u00a0\u00bb hover_enabled=\u00a0\u00bb0&Prime; global_colors_info=\u00a0\u00bb{}\u00a0\u00bb sticky_enabled=\u00a0\u00bb0&Prime;][\/et_pb_section][et_pb_section fb_built=\u00a0\u00bb1&Prime; fullwidth=\u00a0\u00bbon\u00a0\u00bb _builder_version=\u00a0\u00bb4.27.4&Prime; _module_preset=\u00a0\u00bbdefault\u00a0\u00bb background_color=\u00a0\u00bb#000000&Prime; min_height=\u00a0\u00bb1500px\u00a0\u00bb custom_margin=\u00a0\u00bb0px|0px|0px|0px|false|false\u00a0\u00bb custom_padding=\u00a0\u00bb0px|0px|0px|0px|false|false\u00a0\u00bb collapsed=\u00a0\u00bboff\u00a0\u00bb global_colors_info=\u00a0\u00bb{}\u00a0\u00bb hover_enabled=\u00a0\u00bb0&Prime; sticky_enabled=\u00a0\u00bb0&Prime;][et_pb_fullwidth_slider _builder_version=\u00a0\u00bb4.27.4&Prime; _dynamic_attributes=\u00a0\u00bblink_option_url\u00a0\u00bb _module_preset=\u00a0\u00bbdefault\u00a0\u00bb min_height=\u00a0\u00bb900px\u00a0\u00bb custom_margin=\u00a0\u00bb0px|0px|0px|0px|false|false\u00a0\u00bb custom_padding=\u00a0\u00bb0px|0px|0px|0px|false|false\u00a0\u00bb link_option_url=\u00a0\u00bb@ET-DC@eyJkeW5hbWljIjp0cnVlLCJjb250ZW50IjoicG9zdF9saW5rX3VybF9wYWdlIiwic2V0dGluZ3MiOnsicG9zdF9pZCI6IjExNSJ9fQ==@\u00a0\u00bb global_colors_info=\u00a0\u00bb{}\u00a0\u00bb title_text=\u00a0\u00bbIMG_1684-2&Prime; background_color=\u00a0\u00bb#000000&Prime; hover_enabled=\u00a0\u00bb0&Prime; sticky_enabled=\u00a0\u00bb0&Prime;][et_pb_slide _builder_version=\u00a0\u00bb4.27.4&Prime; _module_preset=\u00a0\u00bbdefault\u00a0\u00bb title_text=\u00a0\u00bbIMG_1684&Prime; image=\u00a0\u00bbhttp:\/\/www.rewindltd.com\/wp-content\/uploads\/2025\/12\/IMG_1684-2-scaled.jpg\u00a0\u00bb background_color=\u00a0\u00bb#000000&Prime; background_enable_color=\u00a0\u00bbon\u00a0\u00bb hover_enabled=\u00a0\u00bb0&Prime; sticky_enabled=\u00a0\u00bb0&Prime;]<\/p>\n<div class=\"et_pb_slide_description\">\n<div class=\"et_pb_slide_content\">\n<p><strong>Rewind Ltd.<\/strong> est un studio de cr\u00e9ation fond\u00e9 par J\u00e9r\u00e9mie Chinour, directeur artistique ind\u00e9pendant.<\/p>\n<p>Depuis 1999, j\u2019accompagne des clients et des \u00e9quipes sur des projets de communication visuelle et d\u2019identit\u00e9, au niveau local, national et international, dans des contextes institutionnels, corporate et culturels.Mon parcours, partag\u00e9 entre agence et studio ind\u00e9pendant, m\u2019a conduit \u00e0 collaborer avec des \u00e9quipes et des clients sur des projets allant de l\u2019\u00e9dition et de l\u2019\u00e9v\u00e9nementiel \u00e0 la musique, au cin\u00e9ma et aux design d\u2019exposition.La musique occupe une place centrale dans mon travail, notamment \u00e0 travers des projets de pochettes de disques, de sound design \/ musique de films et de production d\u2019albums.<\/p>\n<p>En 2023, Rewind Ltd. a re\u00e7u une m\u00e9daille d\u2019or et deux m\u00e9dailles d\u2019argent aux World Beer Awards (Londres).<\/p>\n<p>Je con\u00e7ois des syst\u00e8mes graphiques et des identit\u00e9s visuelles qui donnent une forme durable \u00e0 des marques, des objets culturels et des \u00e9v\u00e9nements.<\/p>\n<p>&nbsp;<\/p>\n<p style=\"text-align: left;\">Contact : <a href=\"mailto:jeremy@rewindltd.com\" target=\"_blank\" rel=\"noopener\"><span style=\"color: #ffcc99;\">jeremy@rewindltd.com<\/span><\/a><\/p>\n<\/div>\n<\/div>\n<p>[\/et_pb_slide][\/et_pb_fullwidth_slider][\/et_pb_section]<\/p>\n","protected":false},"excerpt":{"rendered":"<p>Rewind Ltd. est un studio de cr\u00e9ation fond\u00e9 par J\u00e9r\u00e9mie Chinour, directeur artistique ind\u00e9pendant. Depuis 1999, j\u2019accompagne des clients et des \u00e9quipes sur des projets de communication visuelle et d\u2019identit\u00e9, au niveau local, national et international, dans des contextes institutionnels, corporate et culturels.Mon parcours, partag\u00e9 entre agence et studio ind\u00e9pendant, m\u2019a conduit \u00e0 collaborer avec [&hellip;]<\/p>\n","protected":false},"author":1,"featured_media":0,"parent":0,"menu_order":0,"comment_status":"closed","ping_status":"closed","template":"page-template-blank.php","meta":{"_et_pb_use_builder":"on","_et_pb_old_content":"","_et_gb_content_width":"","footnotes":""},"class_list":["post-49","page","type-page","status-publish","hentry"],"_links":{"self":[{"href":"https:\/\/www.rewindltd.com\/index.php\/wp-json\/wp\/v2\/pages\/49","targetHints":{"allow":["GET"]}}],"collection":[{"href":"https:\/\/www.rewindltd.com\/index.php\/wp-json\/wp\/v2\/pages"}],"about":[{"href":"https:\/\/www.rewindltd.com\/index.php\/wp-json\/wp\/v2\/types\/page"}],"author":[{"embeddable":true,"href":"https:\/\/www.rewindltd.com\/index.php\/wp-json\/wp\/v2\/users\/1"}],"replies":[{"embeddable":true,"href":"https:\/\/www.rewindltd.com\/index.php\/wp-json\/wp\/v2\/comments?post=49"}],"version-history":[{"count":56,"href":"https:\/\/www.rewindltd.com\/index.php\/wp-json\/wp\/v2\/pages\/49\/revisions"}],"predecessor-version":[{"id":1114,"href":"https:\/\/www.rewindltd.com\/index.php\/wp-json\/wp\/v2\/pages\/49\/revisions\/1114"}],"wp:attachment":[{"href":"https:\/\/www.rewindltd.com\/index.php\/wp-json\/wp\/v2\/media?parent=49"}],"curies":[{"name":"wp","href":"https:\/\/api.w.org\/{rel}","templated":true}]}}